(f) be the second derivative of -f**3 - 7*f**2 + 8*f. What is the tens digit of c(-7)?
2
Let x be (-4)/(-4)*2/2. Let a be (x - 3)/(18/(-18)). Suppose 0 = -3*z - 4*n + 42, -30 + a = -2*z + 5*n. What is the units digit of z?
4
What is the tens digit of (341 - 375)/((-1)/(-71)*-2)?
0
Suppose 53*w - 4456 = 49*w. What is the tens digit of w?
1
Let b(p) = 1 + 2 - 9*p - 10*p. Suppose -h - 5*f - 11 = 2*h, -3 = -h + 5*f. What is the units digit of b(h)?
1
Let u be 6/3*2/(12/87). Let t = 150 - u. What is the units digit of t?
1
Let a be (-104)/12*18/(-4). Let s be (-213 + 0)*(-13)/a. Let i = -32 + s. What is the units digit of i?
9
Let y(r) = 112*r - 3. Let s be y(1). Suppose -4*l + s = -91. What is the units digit of l?
0
Let m = -950 + 3610. What is the hundreds digit of m?
6
Suppose 8 = 4*c - 0. What is the units digit of c*(-3 + 0 + 6)?
6
Let h = -4187 + 8512. What is the tens digit of h?
2
Let n(l) = -21*l**3 - 3*l**2 - l - 2. Let w(b) = -b - 13. Let c be w(-11). What is the tens digit of n(c)?
5
Suppose 0 = -5*z + 19 - 49. Let t be (4/(-3))/(z/207). Suppose 3*l = t + 35. What is the tens digit of l?
2
Let f(q) = -2*q**2 + 10*q + 3. Let x(y) = -6*y**2 + 30*y + 8. Let a(d) = -10*f(d) + 3*x(d). What is the units digit of a(8)?
2
Suppose r = 2*v - 20, -3*v = -r - 21 - 7. Let l(q) = q**2 - 3*q - 1. Let k be l(v). Suppose -3*p + 18 = -k. What is the tens digit of p?
1
Let m = 221 + -153. Suppose -128 - m = -2*n. What is the tens digit of n?
9
Suppose -873 = -4*a - 77. What is the hundreds digit of a?
1
Suppose 0 = 5*b - 2*v - 1218, 3*b - 4*v + 5*v = 733. What is the hundreds digit of b?
2
Let i(f) = -f**3 + 16*f**2 + f - 21. Let g be i(16). Let o(x) = -27*x. Let z be o(g). Suppose -2*a + z = 3*a. What is the units digit of a?
7
Let k = -4 + -4. Let d = 8 + k. Suppose v - 4*v + 162 = d. What is the tens digit of v?
5
Let o(r) = -r + 3. Let j be o(8). What is the units digit of (9/9)/((-1)/j)?
5
Let h = 1347 + -669. What is the hundreds digit of h?
6
Suppose -4*r + 4 = -3*v - 3*r, 20 = 3*v + 5*r. Suppose -p + 4*p - 6 = v. Suppose s = -3 + 6, -22 = -2*j + p*s. What is the units digit of j?
4
Suppose -5*b - 1095 - 2057 = -x, 2*b = x - 3143. What is the hundreds digit of x?
1
Suppose -3*v + 1108 = -v + 2*n, 6 = 2*n. What is the hundreds digit of v?
5
Suppose w + 7*i - 11 = 4*i, 44 = 4*w + 4*i. Let c = w - 11. Suppose 4*j = -z - c*j + 53, j + 120 = 3*z. What is the units digit of z?
1
Let g(f) = -f**3 - 5*f**2 - 5*f. Let k be g(-2). What is the units digit of (-59 - -18)/(2/k)?
1
Let b = 278 + -428. Let o = -106 - b. What is the tens digit of o?
4
Let n = -868 - -1416. What is the hundreds digit of n?
5
Let t(d) = 2*d**2 + 5*d - 1. Let k be t(-2). What is the units digit of 1/(496/164 + k)?
1
Let z = 104 + -17. Suppose 31*y + z = 32*y. What is the units digit of y?
7
Suppose 11*h + 158 = 4. Let x(w) = w**3 + 16*w**2 + 21*w - 13. What is the units digit of x(h)?
5
Let z = -351 + 1238. What is the units digit of z?
7
Let d = -3 - -7. Suppose i + n - 2 = 0, 0 = 4*i - 8*n + 3*n - 8. Suppose -2*f + o + 236 = i*f, d = o. What is the tens digit of f?
6
Let r = -2146 + 6013. What is the tens digit of r?
6
Let g = 277 + -37. Let l = 411 - g. What is the units digit of l?
1
Suppose 6*r + 15 = 3*r. Let q = r + 12. Let t(w) = 2*w**2 - 10*w - 2. What is the units digit of t(q)?
6
Suppose 4*m = 12, -m + 21 = z - 23. Suppose 3*n = 4*n - 11. Suppose v + 16 = 2*h, -3*v + n = 4*h - z. What is the units digit of h?
0
Suppose -c + 1645 = 4*v, 0 = -31*v + 26*v - 20. What is the thousands digit of c?
1
Suppose -3842 - 2622 = -8*m. What is the units digit of m?
8
Let u(g) = -2*g - 59. Let y be u(-15). What is the units digit of -1 + y*(-4 - -2)?
7
Suppose 3*j - 4*f = -10, -5*j = -3*j - f. Suppose -3*v - 15 = j*b + 2*v, -4*v - 10 = 2*b. Let k = 3 + b. What is the units digit of k?
8
Suppose 5*o + 31 = 3*d, 0 = d - 2*o - 0*o - 9. Suppose 0 = 2*f + 2, -4*b + d + 4 = -5*f. What is the units digit of b?
4
Let n(b) = 6*b**2 - 3*b + 2. Let c be n(7). Suppose -c = -5*y + t, -t - 59 = -2*y + y. Let p = -29 + y. What is the tens digit of p?
2
Let g = -3239 - -6912. What is the thousands digit of g?
3
What is the tens digit of (-1704 - 3)*((-8 - -4) + 3)?
0
Let u be (-396)/(-10)*(2 - 2/(-4)). Let j = u - 35. What is the units digit of j?
4
Let a = -3 - -5. Suppose a*j + 4 = 4*j. Suppose 4*n - 117 = 5*o, -n - j*n - 2*o + 59 = 0. What is the tens digit of n?
2
Let h(y) = -13*y + 83. What is the units digit of h(-17)?
4
Suppose 20 = -4*d + 64. Let l be 2/2 - 0 - d. What is the units digit of (-1)/(1/l*2)?
5
Let m = 2873 + -2037. What is the units digit of m?
6
Suppose -g + 12 - 9 = 0. Suppose 0 = 2*h + 3*h - g*n - 90, 0 = -2*h - 3*n + 15. Suppose s = 5*i - h, i - 55 = -3*s - 4*i. What is the units digit of s?
0
Let a = -810 + 1176. What is the units digit of a?
6
Let o be (5 - -1)*(-9)/(-18). Suppose o*c + 39 - 12 = 0. What is the units digit of 3*c*(-14)/21?
8
Let f = -19 + 94. Suppose 4*k - 2*b - 352 = 0, -f = -k + 4*b + 13. What is the tens digit of k?
8
Suppose -31*f - 44*f + 282075 = 0. What is the thousands digit of f?
3
Let h(k) = 4*k**3 - 4*k**2 + 6*k - 1. Suppose 0 = -y - 2 + 6. What is the hundreds digit of h(y)?
2
Let l(f) = -f**3 + 11*f**2 + f - 1. Let a = 3 - -8. What is the units digit of l(a)?
0
Let x = -11 - -16. Let c(j) = 67*j**2 - 2*j + 1. Let d be c(1). Suppose 2*p - 5*w = -0*p + d, -x*p - 4*w + 165 = 0. What is the units digit of p?
3
Let n be (-4)/22 + 24/11. Suppose n*b - 5*b = -315. What is the hundreds digit of b?
1
Suppose -5*f - 20 = 0, -3*z - 2*z + 786 = -4*f. Let d be 20/11 - (-28)/z. Suppose d*n + 2*n - 152 = 0. What is the units digit of n?
8
Suppose -3*j + 1356 = 3*u, 5 - 25 = 4*j. What is the hundreds digit of u?
4
Let f(c) = 2*c**2 + 14*c - 4. Let n be f(-12). Suppose -31 + n = p. What is the units digit of p?
5
Suppose 0 = -4*g - 4*o + 9*o + 867, o + 441 = 2*g. What is the tens digit of g?
2
Suppose 0 = 5*u - 14*u + 3006. What is the hundreds digit of u?
3
Let i = 106 + -61. Suppose -71 = -3*f + 5*l, 71 = 4*f + 4*l - i. Suppose 5*g - 118 = -z - f, -g = -5. What is the tens digit of z?
6
Let g = 6 - 2. Suppose 2*q + 3*q = g*n - 120, 5*n + q = 121. What is the units digit of n?
5
Suppose -2*g - 7 = -11. Suppose -4*q = -2*k + 266, -g*q + 6 = -0*q. What is the units digit of k?
9
Let u = -605 - -1037. What is the tens digit of u?
3
Suppose -645 = 7*y - 10*y. What is the tens digit of y?
1
Let k = 2828 - 1391. What is the hundreds digit of k?
4
Let g(p) = -p**2 - 4*p + 1. Let y be g(-3). Suppose -3*v + 82 = -v. Suppose v = 5*n - 3*t, 2*n - 5*n - y*t = -13. What is the units digit of n?
7
Suppose 7*j - 6 = 5*j. Suppose 948 = j*g - 7*g. What is the units digit of g/(-27) + (-4)/(-18)?
9
Suppose 4*r - 4*t = 564, 2*r - 3*r - t = -143. Let o = r + -92. What is the tens digit of o?
5
Let n(p) = p + 5. Let q be n(-5). Let y be (q/(-1))/(5/5). Suppose -2*k = -8 - y. What is the units digit of k?
4
Let l = 72 + -32. Suppose -2*i + l = 3*i + 5*g, 2*g - 22 = -4*i. Suppose 5*r - i*r = 40. What is the units digit of r?
0
Let q(c) = c + 16. Let v be q(-12). Suppose 0 = -2*s + g + 103, 0*s + v*s = -g + 209. Let t = s + -26. What is the tens digit of t?
2
Let a be (121/4)/(6/24). Let s = a - 251. What is the units digit of s/(-4) + (-2)/(-4)?
3
Suppose 20 = -10*q + 14*q. Suppose -q*v = -4*v - 77. What is the units digit of v?
7
What is the units digit of (-2)/(-4) + 1112/16?
0
Let g(k) = 76*k**2 + 6*k + 4. What is the tens digit of g(-3)?
7
Let q(h) be the first derivative of 1/2*h**4 - 2*h - h**2 - 2/3*h**3 - 5. What is the tens digit of q(3)?
2
Suppose c = -0*c - a - 13, -77 = 4*c - a. Suppose 10*i = -5*i - 4770. What is the units digit of i/c + (-4)/6?
7
Suppose -40 - 86 = -3*s. Let h = -22 + s. Let j = h - 13. What is the units digit of j?
7
Suppose -6*r + 4*r = 0. Let b be -246*(r + 1/(-3)). Suppose 5*j + z = b, 0 = j + 3*z - z - 20. What is the units digit of j?
6
Let m be 26*(4 - 7)/3. Let x = -20 - m. Let h(s) = 3*s + 19. What is the tens digit of h(x)?
3
Let a(d) = 7*d - 9. Let t be (-69)/(-9) + 16/(-24). What is the tens digit of a(t)?
4
Suppose 3560 + 12866 = 5*i - 4*t, 0 = -2*i + 3*t + 6576. What is the thousands digit of i?
3
Let l(m) = m**2 - 3*m + 118. Let c = 5